o base 8.
31
What is -20 (base 8) in base 12?
-14
137 (base 10) to base 11
115
What is -2b (base 16) in base 4?
-223
What is -11 (base 10) in base 14?
-b
Convert 110 (base 4) to base 13.
17
What is 11 (base 10) in base 7?
14
What is -2 (base 10) in base 9?
-2
What is 0 (base 2) in base 13?
0
What is -353 (base 6) in base 8?
-215
What is -324 (base 5) in base 3?
-10022
Convert 1000111 (base 2) to base 15.
4b
Convert -16 (base 7) to base 10.
-13
32 (base 4) to base 3
112
Convert -1 (base 7) to base 9.
-1
Convert 1001101 (base 2) to base 11.
70
Convert 47 (base 8) to base 12.
33
Convert 38 (base 9) to base 10.
35
7 (base 11) to base 3
21
55 (base 15) to base 10
80
100 (base 2) to base 9
4
What is -211 (base 3) in base 4?
-112
What is -133 (base 4) in base 13?
-25
What is 2 (base 3) in base 5?
2
What is 18 (base 10) in base 12?
16
114 (base 6) to base 11
42
-21 (base 14) to base 12
-25
-b (base 12) to base 14
-b
What is 267 (base 8) in base 15?
c3
101010 (base 2) to base 9
46
12 (base 5) to base 16
7
What is -3 (base 6) in base 7?
-3
-5 (base 11) to base 4
-11
41 (base 15) to base 8
75
Convert -3 (base 13) to base 12.
-3
Convert -4 (base 8) to base 11.
-4
What is 11 (base 6) in base 14?
7
1 (base 3) to base 7
1
Convert -40 (base 13) to base 8.
-64
Convert -3 (base 8) to base 13.
-3
What is 4 (base 6) in base 14?
4
Convert -111 (base 3) to base 14.
-d
-121 (base 6) to base 10
-49
Convert 15 (base 15) to base 4.
110
What is 5b (base 14) in base 15?
56
What is -3 (base 6) in base 3?
-10
What is -12110 (base 3) in base 8?
-223
20 (base 5) to base 10
10
Convert -4 (base 15) to base 5.
-4
What is 1 (base 8) in base 13?
1
Convert 10001100 (base 2) to base 16.
8c
Convert -3 (base 4) to base 5.
-3
Convert -22 (base 9) to base 4.
-110
-10 (base 11) to base 7
-14
What is 3 (base 10) in base 12?
3
b8 (base 15) to base 2
10101101
-1 (base 10) to base 5
-1
Convert 20 (base 14) to base 13.
22
Convert -3 (base 8) to base 3.
-10
Convert -100011 (base 2) to base 11.
-32
What is 1 (base 16) in base 14?
1
Convert 2 (base 9) to base 3.
2
What is 129 (base 13) in base 4?
3030
What is 1 (base 11) in base 13?
1
-178 (base 9) to base 10
-152
What is -41 (base 11) in base 16?
-2d
Convert -3 (base 7) to base 8.
-3
What is 2 (base 13) in base 8?
2
-1010100 (base 2) to base 7
-150
Convert -10 (base 6) to base 2.
-110
What is 2 (base 12) in base 7?
2
Convert 11001 (base 2) to base 11.
23
-3 (base 14) to base 6
-3
What is -313 (base 4) in base 3?
-2001
What is -6 (base 7) in base 6?
-10
0 (base 13) to base 15
0
5 (base 7) to base 10
5
What is -17 (base 8) in base 13?
-12
-353 (base 7) to base 6
-505
Convert 2 (base 11) to base 3.
2
Convert -84 (base 15) to base 4.
-1330
-56 (base 7) to base 8
-51
10012 (base 3) to base 6
222
Convert 101 (base 2) to base 3.
12
What is -102 (base 8) in base 15?
-46
3 (base 9) to base 15
3
Convert 4 (base 13) to base 5.
4
-62 (base 9) to base 12
-48
-12 (base 6) to base 2
-1000
1010 (base 2) to base 16
a
10 (base 12) to base 14
c
What is 1 (base 6) in base 3?
1
-5 (base 16) to base 12
-5
What is -4 (base 5) in base 14?
-4
What is 7 (base 15) in base 4?
13
-17 (base 10) to base 7
-23
What is -32 (base 6) in base 7?
-26
Convert 115 (base 9) to base 13.
74
What is 14 (base 5) in base 6?
13
Convert -23 (base 10) to base 7.
-32
Convert 1011101 (base 2) to base 8.
135
Convert 61 (base 16) to base 13.
76
What is -45 (base 9) in base 11?
-38
What is 142 (base 8) in base 13?
77
What is 10202 (base 4) in base 2?
100100010
-1 (base 7) to base 14
-1
15b (base 13) to base 16
f5
12 (base 8) to base 10
10
Convert 42 (base 11) to base 2.
101110
What is 12 (base 5) in base 14?
7
Convert -3 (base 7) to base 4.
-3
Convert 0 (base 5) to base 9.
0
Convert 23 (base 4) to base 13.
b
What is -196 (base 11) in base 3?
-22101
Convert 1010 (base 2) to base 10.
10
-3022 (base 4) to base 2
-11001010
What is 13 (base 6) in base 5?
14
What is 1 (base 8) in base 16?
1
10 (base 2) to base 5
2
What is 100001 (base 2) in base 12?
29
What is 144 (base 13) in base 16?
e1
58 (base 9) to base 14
3b
What is 1 (base 14) in base 16?
1
What is 4 (base 7) in base 6?
4
What is 5 (base 8) in base 10?
5
24 (base 6) to base 11
15
-14 (base 11) to base 14
-11
Convert 11 (base 2) to base 6.
3
Convert -39 (base 14) to base 4.
-303
What is -1000011 (base 2) in base 6?
-151
Convert -16 (base 10) to base 6.
-24
1 (base 8) to base 16
1
-36 (base 15) to base 5
-201
What is 87 (base 11) in base 14?
6b
3 (base 7) to base 4
3
What is 0 (base 14) in base 15?
0
Convert -13 (base 5) to base 3.
-22
4 (base 9) to base 6
4
Convert 19 (base 16) to base 15.
1a
Convert 0 (base 4) to base 5.
0
35 (base 7) to base 5
101
What is 3 (base 16) in base 9?
3
28 (base 10) to base 2
11100
202 (base 7) to base 14
72
Convert -100211 (base 3) to base 10.
-265
What is -7 (base 10) in base 3?
-21
-61 (base 11) to base 12
-57
What is 1101100 (base 2) in base 3?
11000
What is -46 (base 12) in base 10?
-54
103 (base 4) to base 15
14
What is -1021 (base 3) in base 11?
-31
-149 (base 11) to base 7
-336
What is 1 (base 6) in base 14?
1
What is -37 (base 8) in base 3?
-1011
2021 (base 3) to base 13
49
62 (base 16) to base 6
242
Convert -12 (base 6) to base 5.
-13
-1 (base 5) to base 12
-1
What is 121 (base 4) in base 10?
25
What is -4 (base 15) in base 9?
-4
-200 (base 3) to base 7
-24
-11d (base 14) to base 9
-267
Convert -63 (base 7) to base 13.
-36
-11111 (base 2) to base 15
-21
100010 (base 2) to base 7
46
What is -36 (base 10) in base 14?
-28
Convert -22 (base 6) to base 14.
-10
Convert 10 (base 4) to base 9.
4
What is 2201 (base 4) in base 15?
ab
What is -3 (base 7) in base 10?
-3
What is 10200 (base 3) in base 11?
90
What is -3 (base 15) in base 13?
-3
10121 (base 3) to base 9
117
What is -5 (base 10) in base 8?
-5
2b (base 16) to base 8
53
What is -10 (base 5) in base 4?
-11
What is 1044 (base 5) in base 16?
95
What is 134 (base 5) in base 14?
32
-2 (base 9) to base 6
-2
What is -2c (base 14) in base 8?
-50
-13 (base 5) to base 11
-8
Convert 11111 (base 2) to base 10.
31
Convert 0 (base 10) to base 8.
0
-33 (base 16) to base 12
-43
10 (base 3) to base 11
3
What is 2122 (base 3) in base 9?
78
7 (base 13) to base 9
7
42 (base 8) to base 9
37
What is -4 (base 16) in base 6?
-4
Convert 14 (base 8) to base 7.
15
-59 (base 12) to base 7
-126
47 (base 9) to base 11
3a
Convert -3 (base 15) to base 8.
-3
What is 1002 (base 4) in base 14?
4a
Convert -11101100 (base 2) to base 10.
-236
21 (base 3) to base 7
10
What is -1220 (base 3) in base 6?
-123
0 (base 2) to base 16
0
What is -67 (base 10) in base 4?
-1003
Convert 10 (base 2) to base 4.
2
What is -3 (base 8) in base 10?
-3
7 (base 12) to base 11
7
What is 2011 (base 3) in base 13?
46
-1 (base 4) to base 13
-1
What is -2 (base 3) in base 10?
-2
Convert -1a (base 14) to base 8.
-30
Convert 45 (base 16) to base 3.
2120
Convert -1 (base 7) to base 9.
-1
7 (base 12) to base 11
7
155 (base 6) to base 13
56
4 (base 9) to base 4
10
24 (base 11) to base 3
222
1 (base 2) to base 9
1
Convert -173 (base 8) to base 13.
-96
Convert 220 (base 5) to base 4.
330
Convert -264 (base 8) to base 9.
-220
What is -143 (base 6) in base 15?
-43
What is -6 (base 12) in base 6?
-10
Convert -71 (base 10) to base 16.
-47
What is 2 (base 15) in base 12?
2
-1212 (base 4) to base 5
-402
Convert -1010 (base 3) to base 11.
-28
Convert 421 (base 9) to base 5.
2333
Convert -10 (base 2) to base 5.
-2
-12 (base 6) to base 4
-20
Convert 5 (base 16) to base 15.
5
What is -1101 (base 2) in base 14?
-d
What is 3 (base 7) in base 16?
3
Convert 1303 (base 4) to base 9.
137
What is 0 (base 6) in base 7?
0
What is 3 (base 10) in base 5?
3
Convert -10 (base 7) to base 5.
-12
0 (base 2) to base 10
0
What is 1010 (base 2) in base 12?
a
What is 1b (base 15) in base 3?
222
Convert 4 (base 16) to base 9.
4
What is -101000 (base 3) in base 16?
-10e
What is -1a (base 16) in base 12?
-22
Convert -100101111 (base 2) to base 5.
-2203
Convert a (base 13) to base 14.
a
-14 (base 13) to base 4
-101
What is -10 (base 16) in base 5?
-31
43 (base 5) to base 12
1b
-10 (base 3) to base 14
-3
Convert 5 (base 10) to base 6.
5
What is -4 (base 11) in base 3?
-11
What is -38 (base 10) in base 8?
-46
What is -402 (base 8) in base 4?
-10002
What is 